What is the thousands digit of 6745?
6
What is the units digit of 3420?
0
What is the units digit of 109?
9
What is the tens digit of 962?
6
What is the units digit of 1231?
1
What is the ten thousands digit of 33747?
3
What is the thousands digit of 2160?
2
What is the units digit of 3235?
5
What is the units digit of 38118?
8
What is the tens digit of 15555?
5
What is the tens digit of 555?
5
What is the units digit of 21?
1
What is the ten thousands digit of 64017?
6
What is the units digit of 10968?
8
What is the tens digit of 48029?
2
What is the ten thousands digit of 19240?
1
What is the units digit of 10008?
8
What is the thousands digit of 2045?
2
What is the units digit of 4361?
1
What is the tens digit of 121956?
5
What is the units digit of 7925?
5
What is the tens digit of 1163?
6
What is the units digit of 2616?
6
What is the units digit of 7869?
9
What is the thousands digit of 48936?
8
What is the tens digit of 4002?
0
What is the tens digit of 797?
9
What is the hundreds digit of 16820?
8
What is the hundreds digit of 6321?
3
What is the tens digit of 1761?
6
What is the thousands digit of 1470?
1
What is the units digit of 1282?
2
What is the tens digit of 1045?
4
What is the units digit of 4496?
6
What is the hundreds digit of 127?
1
What is the tens digit of 7508?
0
What is the ten thousands digit of 125936?
2
What is the ten thousands digit of 39733?
3
What is the units digit of 2462?
2
What is the tens digit of 878?
7
What is the thousands digit of 5934?
5
What is the hundred thousands digit of 105835?
1
What is the tens digit of 24128?
2
What is the thousands digit of 1594?
1
What is the units digit of 100910?
0
What is the thousands digit of 2027?
2
What is the hundreds digit of 10669?
6
What is the hundreds digit of 1879?
8
What is the ten thousands digit of 16775?
1
What is the ten thousands digit of 43251?
4
What is the ten thousands digit of 21158?
2
What is the thousands digit of 2176?
2
What is the tens digit of 5014?
1
What is the tens digit of 1561?
6
What is the thousands digit of 32749?
2
What is the units digit of 9416?
6
What is the tens digit of 125260?
6
What is the tens digit of 5502?
0
What is the units digit of 741?
1
What is the units digit of 8272?
2
What is the hundreds digit of 11864?
8
What is the thousands digit of 2957?
2
What is the thousands digit of 28221?
8
What is the units digit of 1935?
5
What is the tens digit of 39428?
2
What is the thousands digit of 49366?
9
What is the thousands digit of 51434?
1
What is the tens digit of 8652?
5
What is the hundreds digit of 1170?
1
What is the units digit of 123245?
5
What is the thousands digit of 59342?
9
What is the tens digit of 1560?
6
What is the hundreds digit of 1677?
6
What is the tens digit of 21019?
1
What is the thousands digit of 1599?
1
What is the hundreds digit of 9057?
0
What is the hundreds digit of 4083?
0
What is the tens digit of 11066?
6
What is the ten thousands digit of 13127?
1
What is the units digit of 771?
1
What is the thousands digit of 25978?
5
What is the ten thousands digit of 21399?
2
What is the units digit of 2786?
6
What is the tens digit of 4618?
1
What is the hundreds digit of 460?
4
What is the ten thousands digit of 15022?
1
What is the hundreds digit of 11600?
6
What is the thousands digit of 8960?
8
What is the ten thousands digit of 15487?
1
What is the ten thousands digit of 90884?
9
What is the tens digit of 1396?
9
What is the units digit of 3794?
4
What is the thousands digit of 28540?
8
What is the units digit of 452?
2
What is the hundreds digit of 3890?
8
What is the hundreds digit of 1193?
1
What is the thousands digit of 9309?
9
What is the tens digit of 1612?
1
What is the hundreds digit of 1950?
9
What is the tens digit of 15214?
1
What is the tens digit of 24326?
2
What is the thousands digit of 37947?
7
What is the units digit of 1575?
5
What is the tens digit of 143950?
5
What is the thousands digit of 2461?
2
What is the units digit of 2795?
5
What is the units digit of 1293?
3
What is the hundreds digit of 33181?
1
What is the tens digit of 12334?
3
What is the units digit of 717?
7
What is the hundreds digit of 2550?
5
What is the hundreds digit of 1772?
7
What is the thousands digit of 1720?
1
What is the thousands digit of 1960?
1
What is the tens digit of 455?
5
What is the tens digit of 15339?
3
What is the thousands digit of 1693?
1
What is the thousands digit of 1940?
1
What is the thousands digit of 2130?
2
What is the tens digit of 28304?
0
What is the hundreds digit of 684?
6
What is the units digit of 121?
1
What is the hundreds digit of 489?
4
What is the tens digit of 908?
0
What is the hundreds digit of 33371?
3
What is the tens digit of 63852?
5
What is the hundreds digit of 14829?
8
What is the tens digit of 4732?
3
What is the hundreds digit of 545?
5
What is the units digit of 36452?
2
What is the units digit of 5598?
8
What is the units digit of 940?
0
What is the thousands digit of 8134?
8
What is the hundreds digit of 28185?
1
What is the tens digit of 79527?
2
What is the hundreds digit of 2493?
4
What is the ten thousands digit of 34476?
3
What is the hundreds digit of 186141?
1
What is the tens digit of 116?
1
What is the hundreds digit of 3981?
9
What is the tens digit of 2103?
0
What is the thousands digit of 26230?
6
What is the hundreds digit of 5914?
9
What is the tens digit of 143802?
0
What is the thousands digit of 2458?
2
What is the hundreds digit of 21710?
7
What is the thousands digit of 85621?
5
What is the tens digit of 44203?
0
What is the hundreds digit of 5493?
4
What is the ten thousands digit of 18807?
1
What is the tens digit of 995?
9
What is the hundreds digit of 830?
8
What is the thousands digit of 27293?
7
What is the thousands digit of 11361?
1
What is the hundreds digit of 396?
3
What is the hundreds digit of 1388?
3
What is the tens digit of 653?
5
What is the thousands digit of 181061?
1
What is the tens digit of 55024?
2
What is the thousands digit of 1563?
1
What is the ten thousands digit of 40987?
4
What is the thousands digit of 17260?
7
What is the tens digit of 4494?
9
What is the hundreds digit of 801?
8
What is the tens digit of 986?
8
What is the hundreds digit of 348?
3
What is the ten thousands digit of 84554?
8
What is the tens digit of 10799?
9
What is the units digit of 5656?
6
What is the hundreds digit of 426?
4
What is the thousands digit of 49826?
9
What is the units digit of 578?
8
What is the thousands digit of 1586?
1
What is the hundreds digit of 8460?
4
What is the thousands digit of 9405?
9
What is the units digit of 31924?
4
What is the tens digit of 73231?
3
What is the units digit of 1495?
5
What is the tens digit of 4965?
6
What is the units digit of 65?
5
What is the tens digit of 9671?
7
What is the hundreds digit of 63646?
6
What is the units digit of 27094?
4
What is the units digit of 14211?
1
What is the units digit of 1263?
3
What is the tens digit of 12115?
1
What is the units digit of 2248?
8
What is the thousands digit of 4268?
4
What is the ten thousands digit of 32478?
3
What is the tens digit of 538?
3
What is the thousands digit of 1902?
1
What is the tens digit of 846?
4
What is the thousands digit of 28879?
8
What is the thousands digit of 13802?
3
What is the thousands digit of 35964?
5
What is the hundreds digit of 2916?
9
What is the units digit of 33735?
5
What is the tens digit of 672?
7
What is the thousands digit of 2305?
2
What is the hundreds digit of 2941?
9
What is the thousands digit of 23032?
3
What is the hundreds digit of 827?
8
What is the tens digit of 358?
5
What is the tens digit of 504?
0
What is the tens digit of 348?
4
What is the hundreds digit of 819?
8
What is the units digit of 8583?
3
What is the units digit of 2787?
7
What is the hundreds digit of 4549?
5
What is the tens digit of 45502?
0
What is the tens digit of 5852?
5
What is the hundreds digit of 129?
1
What is the thousands digit of 139543?
9
What is the tens digit of 2401?
0
What is the tens digit of 12?
1
What is the tens digit of 29149?
4
What is the ten thousands digit of 27875?
2
What is the hundreds digit of 7287?
2
What is the hundreds digit of 94347?
3
What is the ten thousands digit of 49305?
4
W